 of j?
2
Let z(h) = h**2 + 2*h - 7. Suppose -5*d = -3*k + 33, 2*d + 2*d - 2*k + 26 = 0. What is the tens digit of z(d)?
1
Let k = 30 - 13. Suppose -2*p = -p - k. What is the units digit of p?
7
Let r(d) = -d - 13. Let m be r(-9). What is the tens digit of (m/(-5))/((-6)/(-165))?
2
Suppose -5 = 4*i + 3, -2*i = -4*k + 4. Suppose k = -2*w + 2*q - 8 + 2, 4*q - 20 = 0. What is the units digit of w?
2
Let l be 3/9*2*6. Suppose -l*f + 47 = t, 4*t - 9 = -f + t. What is the tens digit of f?
1
Let k(y) = 2*y + 7 + 1 - 5 - 2*y**2 - y**3. Suppose 5*u - 4*i = -3, -4*u - 6 = -3*i + i. What is the units digit of k(u)?
6
Let r(s) = -s**3 - 6*s**2 - 3*s - 2. Let c be r(-6). Suppose d + 7 = c. Suppose -2*g - d = -5*g. What is the units digit of g?
3
Suppose 4*k - 3*k = -2*v + 9, 2*k + 3*v = 18. What is the units digit of k?
9
Suppose -212 = -2*m + 4*x, x - 109 = -3*m + 216. What is the tens digit of m?
0
Let s be 2/5 - (-40)/25. Suppose 0 = s*j - 2*m - 100, 148 = 3*j - 3*m + m. What is the units digit of j?
8
Suppose -36 = -4*w + 4*c, 2*w - 4*c + 0*c - 16 = 0. Suppose -w = 5*h, -2*q + 4*h + 11 = -15. Suppose -4*f = -q*f + 55. What is the tens digit of f?
1
Suppose -2 = 2*z - 10. What is the units digit of z?
4
Let a(t) = 15*t**2 + t. What is the tens digit of a(-1)?
1
Let n(z) be the third derivative of z**5/60 + 5*z**4/12 + z**3/2 - z**2. What is the units digit of n(-10)?
3
Let q = -7 - -53. What is the tens digit of q?
4
Let z(l) = -l + 10. Let i(f) = -f + 11. Let j(r) = -r**2 + 6*r - 4. Let g be j(4). Let q(u) = g*i(u) - 3*z(u). What is the tens digit of q(0)?
1
Suppose -n = -5, -4*n - 17 = -4*p - 5*n. What is the units digit of -1 - (-81)/p - 1?
5
Suppose -343 = -3*n + 9*x - 8*x, -n + 113 = -x. What is the hundreds digit of n?
1
Let t(f) = -f**2 + 11*f - 8. Let h be t(11). What is the tens digit of (162/(-12))/(6/h)?
1
Let u(s) = -s + 12. What is the tens digit of u(-4)?
1
Suppose -4*l = -44 - 12. Let v = -10 + l. Suppose s = v*y - 14, 3*s - 2*y = -3*y + 10. What is the units digit of s?
2
Let d be -8*(1*-3)/6. Let y = d - 5. What is the units digit of (2 + -9)*y*1?
7
Let q(u) = 11*u**3 - 1. Let i be q(1). Let t = -6 - -8. Let r = i - t. What is the units digit of r?
8
Suppose -3*g - c = -5*c - 177, -5*g + 281 = -2*c. What is the units digit of g?
5
What is the units digit of (-182 + 9)/(1*2/(-2))?
3
Let t(n) = -n**3 + 10*n**2 + 3*n + 1. What is the tens digit of t(10)?
3
Suppose 2*t + 0*t = 414. What is the hundreds digit of t?
2
Let r(u) = -u + 1. Let z be r(4). Let k = 6 + z. Suppose -k*x + 5*x = 28. What is the units digit of x?
4
Suppose 5*i - 2*i - a - 90 = 0, 0 = i + 3*a - 20. What is the tens digit of i?
2
Let m be (-15)/(-6) + 9/6. Suppose -m*h + d + 108 = 3*d, 71 = 3*h - d. What is the tens digit of h?
2
Let n(g) = -2*g - 13. Let r be n(-9). Let a(s) = -s**2 + 7*s + 9. What is the units digit of a(r)?
9
What is the hundreds digit of (4 - (-2030)/21)/(4/6)?
1
Suppose 0 = g - 2. Suppose 0 = 3*d - g*d - 4*w - 25, 0 = -4*d - w + 15. Suppose 3*k - 11 = -2*y, -2*y + 4*k - 1 = -d. What is the units digit of y?
4
Suppose 0 = -z - 4*z + 535. What is the units digit of z?
7
Let d = -79 - -154. What is the tens digit of d?
7
Suppose 0*p + 4*p - 78 = -y, -2*y = 2*p - 162. What is the units digit of y?
2
Let b(h) = h**3 + 3*h**2 - h. Let l be b(-2). Let n = l + -1. Suppose -4 = k - n*k. What is the units digit of k?
1
Let i = 0 + 5. Suppose 0 = -i*b - f + 148, -4*b - 5*f + 50 = -60. What is the tens digit of b?
3
Let g(o) = -o**2 + 15*o + 5. What is the tens digit of g(9)?
5
Suppose 0*x - 3*x = 0. What is the units digit of 8 + x*(-2)/4?
8
Let u(h) = -h - 1. Let a be (-2)/(-4)*4 - 5. Let r be u(a). What is the units digit of (r - 2) + 33/3?
1
Let k = -7 - 0. Let n(l) = l**3 + 3*l**2 + 4*l + 2. Let c be n(-2). Let s = c - k. What is the units digit of s?
5
Let g be (-10)/25 - (-4)/10. Suppose 4*q = -g*q + 28. What is the units digit of q?
7
What is the units digit of -3*11*(4 + (-42)/9)?
2
Let t = -193 - -303. Suppose 4*z + a = 65, -2*a + 19 = -5*z + t. What is the units digit of z?
7
Let v be ((-81)/18)/(1/2). Let w(q) = q**3 + 8*q**2 - 9*q + 9. What is the units digit of w(v)?
9
Let j be 2/4 + 830/20. Suppose j = 4*d - 3*d. What is the units digit of d?
2
Suppose 0 = -b - 4*q, 0 = 2*b + 4*q - 2*q. What is the units digit of (28 - b)*(-1)/(-2)?
4
Let g be 2/(-3) + 10/6. What is the units digit of (2 + 1)*g*1?
3
Let k(z) = z**2 + 3*z - 15. What is the tens digit of k(4)?
1
Let r be (-27)/6*(-8)/18. Suppose r*l + 4*w = 74, w - 65 = -6*l + 4*l. What is the tens digit of l?
3
Suppose 20 + 22 = 5*l + 3*x, -41 = -4*l + 5*x. What is the units digit of l?
9
Suppose 0 = -4*p + 29 + 111. What is the units digit of p?
5
Let y = 9 + -4. What is the units digit of y?
5
Suppose -5*k = -2*z - 126, -3*k - 4*z = k - 84. What is the tens digit of k?
2
Let g(v) be the second derivative of 0 + 1/20*v**5 - 5/12*v**4 - 4*v + 4*v**2 - v**3. What is the units digit of g(6)?
8
Suppose -46 = -w + 4*o, -3*w - 2*o = o - 108. What is the units digit of w?
8
Let h = -68 + 116. Let b = h + 0. Suppose y - 5*y = -b. What is the units digit of y?
2
Let n(i) be the first derivative of i**2/2 - 6*i + 2. Let v be n(6). Suppose 5 = d - v. What is the units digit of d?
5
Let y(t) = -2 + 25*t + 3 - 2. What is the tens digit of y(1)?
2
Let a = 2 - 4. Let v = 2 + a. Suppose v = r + y - 5, -3*y + 26 = 4*r - 2*y. What is the units digit of r?
7
Let k(m) = 11*m**3 + m**2. Let y be k(-1). What is the units digit of 2*(y/(-4) - 2)?
1
Let z = -229 - -348. What is the units digit of z?
9
Suppose g + 215 = 6*g. What is the units digit of g?
3
Let f be 142/(-1)*(-7)/14. Suppose -3*m - 17 = -f. What is the units digit of m?
8
Let g(m) = 3*m**2 - m + 1. Let s(y) = -y**3 + 9*y**2 + 11*y - 12. Let j be s(10). What is the units digit of g(j)?
5
Let x = -14 - -13. Let g = -12 + 8. Let i = x - g. What is the units digit of i?
3
Let g(h) = -h + 3. What is the units digit of g(-4)?
7
Suppose 2*u - 93 = 275. What is the units digit of u?
4
Suppose -2*l + 6*l - 128 = 0. What is the tens digit of l?
3
Let v = -290 - -500. What is the units digit of v?
0
Suppose 4*n - 3*n - 2 = 0. Suppose 3*s - n*l = 37, l - 24 = -2*s + 2*l. Let f = s + 5. What is the tens digit of f?
1
Suppose 0 = -4*t + 2*q + 114 + 2, 4*q + 43 = t. What is the units digit of t?
7
Let y be (2 + -1)/(-1)*0. Suppose -6*r + 2*r + 8 = 0. Let u = r - y. What is the units digit of u?
2
Suppose -15 = -4*t + 5. Suppose -h + t*h = 16. What is the units digit of h?
4
Suppose -4*g + 16 + 85 = -3*b, 0 = 3*g + b - 66. Let t = 36 - g. What is the tens digit of t?
1
Suppose -97 = -5*f - 4*o, -2*f + 3*o = -0*f - 48. What is the tens digit of f?
2
Suppose -2*c = 3*o - 572, 1146 = 4*c + 3*o + 2*o. What is the units digit of c?
9
What is the hundreds digit of (2 + (-4)/3)*(-5580)/(-15)?
2
Suppose 1034 + 46 = 10*h. What is the hundreds digit of h?
1
Suppose -3*y + 4*u + 23 = 0, u + 29 = y + 5*u. Let s = -5 + y. What is the units digit of s?
8
Suppose -120 = 3*r - 7*r. Let s = r + -20. Suppose s = o + 2. What is the units digit of o?
8
Suppose 5*b = -3*x + 35, -4*x - 2 = -22. Suppose -7*a + b*a = -48. What is the units digit of a?
6
Let u(r) = r**2 - r - 4. Let g be u(0). Let p = -8 - g. What is the units digit of -1 + p*(-9)/3?
1
Let w(b) = -b**3 + 5*b**2 - 4*b + 3. Let g be w(4). Suppose 0*i - 69 = -g*i. What is the tens digit of i?
2
Suppose m + 3 = 2. Let i(d) = 3*d + 1. Let l be i(m). What is the units digit of (-4)/(-2) + l - -1?
1
Let c be (-4 - 6/(-3)) + 8. Suppose c = 4*u - 10. Suppose -2*v + u*v = 12. What is the units digit of v?
6
Let n be 2/2 - (-5 - -8). Let i = 5 + n. What is the units digit of i?
3
Let h = -1 + 13. What is the tens digit of h?
1
Suppose 4*z + 54 = 5*g - 26, 0 = 4*g + z - 43. What is the tens digit of g?
1
Suppose 8*q - 20 = 3*q. What is the units digit of q?
4
Suppose 136 = 3*p + p. What is the units digit of p?
4
Let z be -2 - (1/(-1) - 2). Let k = 33 + z. Let h = -21 + k. What is the tens digit of h?
1
Suppose -5*d + 0*d = -30. Suppose -2*c = -8 - d. What is the units digit of c?
7
Suppose 2 = -3*h - 2*r + 6, 2*h - 16 = 2*r. Let s(x) = -x**2 + 5*x + 1. What is the units digit of s(h)?
5
Suppose -3*z + 26 - 2 = 0. Let q(k) = -k**3 + 8*k